{"id":107,"date":"2016-09-21T23:28:09","date_gmt":"2016-09-21T20:28:09","guid":{"rendered":"http:\/\/localhost\/enguru\/?page_id=107"},"modified":"2025-04-28T15:48:17","modified_gmt":"2025-04-28T12:48:17","slug":"yonetim","status":"publish","type":"page","link":"https:\/\/enguru.org.tr\/index.php\/enguru\/yonetim\/","title":{"rendered":"Y\u00f6netim"},"content":{"rendered":"\n<p><strong>Y\u00f6netim ve Denetim Kurulu<\/strong><\/p>\n\n\n\n<figure class=\"wp-block-image alignright is-resized\"><img decoding=\"async\" src=\"http:\/\/enguru.org.tr\/wp-content\/uploads\/2016\/09\/faruk_cenap_erdogan.png\" alt=\"faruk_cenap_erdogan\" class=\"wp-image-330\" style=\"width:169px;height:auto\"\/><\/figure>\n\n\n\n<p><strong>Faruk Cenap ERDO\u011eAN<\/strong><br>BA\u015eKAN<\/p>\n\n\n\n<p>Malatya\u2019da do\u011fdu. Ankara \u00dcniversitesi Ziraat Fak\u00fcltesi\u2019ni bitirdi. \u00dcniversite \u00f6\u011frencisi oldu\u011fu y\u0131llardan itibaren Kl\u00e2sik T\u00fcrk M\u00fczi\u011fi ile i\u00e7i i\u00e7e oldu. \u015eevket T\u00fcmer, Cahit \u00dcnyaylar, Ziya Ta\u015fkent, Vedat Kaptan Yurdakul ve daha bir\u00e7ok de\u011ferli sanat\u00e7\u0131dan feyz ald\u0131. Amat\u00f6r ses yar\u0131\u015fmalar\u0131nda dereceleri vard\u0131r.<\/p>\n\n\n\n<p>M\u00fczi\u011fin yan\u0131s\u0131ra g\u00fczel T\u00fcrk\u00e7emizi daha iyi kullanma ve konu\u015fma gayreti i\u00e7inde oldu ve \u00c7etin \u00c7eki, Mesut Mertcan gibi b\u00fcy\u00fck ustalar\u0131 dikkatle takip etti, e\u011fitim ama\u00e7l\u0131 sohbetlerine kat\u0131ld\u0131. J\u00fclide G\u00fclizar ve Mehpare \u00c7elik\u2019in \u00f6\u011frencisi oldu. 1993 y\u0131l\u0131ndan bu yana \u00e7e\u015fitli radyolarda spiker\/sunucu ve program yap\u0131mc\u0131s\u0131 olarak \u00e7al\u0131\u015ft\u0131. 2008 y\u0131l\u0131ndan itibaren yakla\u015f\u0131k be\u015f y\u0131l s\u00fcreyle Meteorolojinin Sesi Radyosu\u2019nda yay\u0131n sorumlusu olarak g\u00f6rev yapm\u0131\u015ft\u0131r. Halen bu Radyo ile birlikte Ankara Polis Radyosu\u2019nda da \u015fiir ve m\u00fczik programlar\u0131 yay\u0131nlanmaktad\u0131r.<\/p>\n\n\n\n<p>Ankara ba\u015fta olmak \u00fczere yurdun \u00e7e\u015fitli yerlerinde faaliyet g\u00f6steren m\u00fbs\u0131k\u00ee cemiyetlerinin konserlerinin sunumlar\u0131 ile birlikte \u00f6zel ve protokol programlar\u0131n\u0131 da sunmaktad\u0131r. \u00d6\u011frencilere ve eri\u015fkinlere T\u00fcrk\u00e7e, diksiyon, g\u00fczel ve etkili konu\u015fma e\u011fitimi vermektedir.<\/p>\n\n\n\n<p>2004 y\u0131l\u0131nda \u015eair Berran Yal\u00e7\u0131n\u2019\u0131n \u015fiirlerinden olu\u015fan \u201cSonbahar D\u00fc\u015fleri\u201d ve 2015\u2019de \u015eair Kalp Cerrah\u0131 Prof. Dr. S. Fehmi Kat\u0131rc\u0131o\u011flu\u2019nun \u015fiirlerinin yer ald\u0131\u011f\u0131 CD \u00e7al\u0131\u015fmalar\u0131 vard\u0131r.<\/p>\n\n\n\n<p><strong>Mustafa K\u00fcr\u015fad K\u00d6KPINAR<\/strong><br>BA\u015eKAN YARDIMCISI<\/p>\n\n\n\n<p><strong>G\u00fclen KILAVUZ<\/strong><br>GENEL SEKRETER<\/p>\n\n\n\n<p><strong>Ay\u015feg\u00fcl UYARO\u011eLU<\/strong><br>SAYMAN<\/p>\n\n\n\n<p><strong>Naci P\u0130LGE<\/strong><br>\u00dcYE<\/p>\n\n\n\n<p><strong><br><\/strong><br><strong>DENET\u0130M KURULU<\/strong><\/p>\n\n\n\n<ul class=\"wp-block-list\">\n<li>Mustafa AKAR<\/li>\n\n\n\n<li>Ahmet ERT\u00dcM<\/li>\n\n\n\n<li>Sava\u015f ERDEM<\/li>\n<\/ul>\n\n\n\n<p><\/p>\n\n\n\n<p><\/p>\n\n\n\n<p><\/p>\n\n\n\n<p><\/p>\n\n\n<a href=\"https:\/\/enguru.org.tr\/wp-content\/uploads\/2016\/09\/EnguruTMD_YKDenetim_2019.pdf\" class=\"pdfemb-viewer\" style=\"\" data-width=\"max\" data-height=\"max\" data-toolbar=\"bottom\" data-toolbar-fixed=\"off\">EnguruTMD_YKDenetim_2019<\/a>\n","protected":false},"excerpt":{"rendered":"<p>Y\u00f6netim ve Denetim Kurulu Faruk Cenap ERDO\u011eANBA\u015eKAN Malatya\u2019da do\u011fdu. Ankara \u00dcniversitesi Ziraat Fak\u00fcltesi\u2019ni bitirdi. \u00dcniversite \u00f6\u011frencisi oldu\u011fu y\u0131llardan itibaren Kl\u00e2sik T\u00fcrk M\u00fczi\u011fi ile i\u00e7i i\u00e7e oldu. \u015eevket T\u00fcmer, Cahit \u00dcnyaylar, Ziya Ta\u015fkent, Vedat Kaptan Yurdakul ve daha bir\u00e7ok de\u011ferli sanat\u00e7\u0131dan feyz ald\u0131. Amat\u00f6r ses yar\u0131\u015fmalar\u0131nda dereceleri vard\u0131r. M\u00fczi\u011fin yan\u0131s\u0131ra g\u00fczel T\u00fcrk\u00e7emizi daha iyi kullanma ve [&hellip;]<\/p>\n","protected":false},"author":2,"featured_media":0,"parent":65,"menu_order":0,"comment_status":"closed","ping_status":"closed","template":"","meta":{"footnotes":""},"class_list":["post-107","page","type-page","status-publish","hentry"],"_links":{"self":[{"href":"https:\/\/enguru.org.tr\/index.php\/wp-json\/wp\/v2\/pages\/107","targetHints":{"allow":["GET"]}}],"collection":[{"href":"https:\/\/enguru.org.tr\/index.php\/wp-json\/wp\/v2\/pages"}],"about":[{"href":"https:\/\/enguru.org.tr\/index.php\/wp-json\/wp\/v2\/types\/page"}],"author":[{"embeddable":true,"href":"https:\/\/enguru.org.tr\/index.php\/wp-json\/wp\/v2\/users\/2"}],"replies":[{"embeddable":true,"href":"https:\/\/enguru.org.tr\/index.php\/wp-json\/wp\/v2\/comments?post=107"}],"version-history":[{"count":4,"href":"https:\/\/enguru.org.tr\/index.php\/wp-json\/wp\/v2\/pages\/107\/revisions"}],"predecessor-version":[{"id":1450,"href":"https:\/\/enguru.org.tr\/index.php\/wp-json\/wp\/v2\/pages\/107\/revisions\/1450"}],"up":[{"embeddable":true,"href":"https:\/\/enguru.org.tr\/index.php\/wp-json\/wp\/v2\/pages\/65"}],"wp:attachment":[{"href":"https:\/\/enguru.org.tr\/index.php\/wp-json\/wp\/v2\/media?parent=107"}],"curies":[{"name":"wp","href":"https:\/\/api.w.org\/{rel}","templated":true}]}}