{"id":156,"date":"2016-09-22T00:46:22","date_gmt":"2016-09-21T21:46:22","guid":{"rendered":"http:\/\/localhost\/enguru\/?page_id=156"},"modified":"2016-09-22T00:46:22","modified_gmt":"2016-09-21T21:46:22","slug":"arsiv","status":"publish","type":"page","link":"https:\/\/enguru.org.tr\/index.php\/galeri\/arsiv\/","title":{"rendered":"Ar\u015fiv"},"content":{"rendered":"<p><strong>Eng\u00fcr\u00fc Halk T\u00fcrk\u00fcleri Toplulu\u011fu<\/strong><\/p>\n<p><span class=\"rsCopyTextCode\"><\/span><\/p>\n<p>&nbsp;<\/p>\n<p><strong>Terenn\u00fcm T\u00fcrk M\u00fczi\u011fi Toplulu\u011fu<\/strong><\/p>\n<p><span id=\"propsShortcode\" class=\"regular-text\"><\/span><\/p>\n","protected":false},"excerpt":{"rendered":"<p>Eng\u00fcr\u00fc Halk T\u00fcrk\u00fcleri Toplulu\u011fu &nbsp; Terenn\u00fcm T\u00fcrk M\u00fczi\u011fi Toplulu\u011fu<\/p>\n","protected":false},"author":2,"featured_media":0,"parent":91,"menu_order":0,"comment_status":"closed","ping_status":"closed","template":"","meta":{"footnotes":""},"class_list":["post-156","page","type-page","status-publish","hentry"],"_links":{"self":[{"href":"https:\/\/enguru.org.tr\/index.php\/wp-json\/wp\/v2\/pages\/156","targetHints":{"allow":["GET"]}}],"collection":[{"href":"https:\/\/enguru.org.tr\/index.php\/wp-json\/wp\/v2\/pages"}],"about":[{"href":"https:\/\/enguru.org.tr\/index.php\/wp-json\/wp\/v2\/types\/page"}],"author":[{"embeddable":true,"href":"https:\/\/enguru.org.tr\/index.php\/wp-json\/wp\/v2\/users\/2"}],"replies":[{"embeddable":true,"href":"https:\/\/enguru.org.tr\/index.php\/wp-json\/wp\/v2\/comments?post=156"}],"version-history":[{"count":0,"href":"https:\/\/enguru.org.tr\/index.php\/wp-json\/wp\/v2\/pages\/156\/revisions"}],"up":[{"embeddable":true,"href":"https:\/\/enguru.org.tr\/index.php\/wp-json\/wp\/v2\/pages\/91"}],"wp:attachment":[{"href":"https:\/\/enguru.org.tr\/index.php\/wp-json\/wp\/v2\/media?parent=156"}],"curies":[{"name":"wp","href":"https:\/\/api.w.org\/{rel}","templated":true}]}}