{"id":530,"date":"2016-11-02T17:41:11","date_gmt":"2016-11-02T15:41:11","guid":{"rendered":"http:\/\/enguru.org.tr\/?page_id=530"},"modified":"2016-11-02T17:41:11","modified_gmt":"2016-11-02T15:41:11","slug":"terennum-konserleri","status":"publish","type":"page","link":"https:\/\/enguru.org.tr\/index.php\/konserler\/terennum-konserleri\/","title":{"rendered":"Terenn\u00fcm Konserleri"},"content":{"rendered":"<table border=\"1\" cellspacing=\"1\" cellpadding=\"1\">\n<colgroup>\n<col class=\"col0\" \/>\n<col class=\"col1\" \/>\n<col class=\"col2\" \/>\n<col class=\"col3\" \/>\n<col class=\"col4\" \/> <\/colgroup>\n<tbody>\n<tr class=\"row0\">\n<td class=\"column0 style4 s\"><b>Tarih<\/b><\/td>\n<td class=\"column1 style5 s\"><b>Tema<\/b><\/td>\n<td class=\"column2 style5 s\"><b>\u015eef<\/b><\/td>\n<td class=\"column3 style5 s\"><b>Sunucu<\/b><\/td>\n<td class=\"column4 style5 s\"><b>Yer\/Notlar<\/b><\/td>\n<\/tr>\n<tr class=\"row1\">\n<td class=\"column0 style2 n\">5 May\u0131s 2019<\/td>\n<td class=\"column1 style5 s\"><a href=\"http:\/\/enguru.org.tr\/?p=1253\">Bir Makam Bir Bestek\u00e2r-4 (Hicazk\u00e2r, Selahattin Alt\u0131nba\u015f)<\/a><\/td>\n<td class=\"column2 style5 s\">Vedat Kaptan YURDAKUL<\/td>\n<td class=\"column3 style5 s\">Faruk Cenap ERDO\u011eAN<\/td>\n<td class=\"column4 style5 s\">ANKARA \u00dcniversitesi Dil ve Tarih-Co\u011frafya Fak\u00fcltesi Farabi Salonu<\/td>\n<\/tr>\n<tr class=\"row1\">\n<td class=\"column0 style2 n\">20 Ocak 2019<\/td>\n<td class=\"column1 style5 s\"><a href=\"http:\/\/enguru.org.tr\/?p=1250\">Bir Makam Bir Bestek\u00e2r-3 (K\u00fcrdilihicazk\u00e2r, R\u0131fat Beyler)<\/a><\/td>\n<td class=\"column2 style5 s\">Vedat Kaptan YURDAKUL<\/td>\n<td class=\"column3 style5 s\">Faruk Cenap ERDO\u011eAN<\/td>\n<td class=\"column4 style5 s\">ANKARA \u00dcniversitesi Dil ve Tarih-Co\u011frafya Fak\u00fcltesi Farabi Salonu<\/td>\n<\/tr>\n<tr class=\"row1\">\n<td class=\"column0 style2 n\">13 May\u0131s 2018<\/td>\n<td class=\"column1 style5 s\"><a href=\"http:\/\/enguru.org.tr\/?p=1205\">Bir Makam Bir Bestek\u00e2r-2 (\u015eehn\u00e2z, Selahattin \u0130nal)<\/a><\/td>\n<td class=\"column2 style5 s\">Vedat Kaptan YURDAKUL<\/td>\n<td class=\"column3 style5 s\">Faruk Cenap ERDO\u011eAN<\/td>\n<td class=\"column4 style5 s\">ANKARA \u00dcniversitesi Dil ve Tarih-Co\u011frafya Fak\u00fcltesi Farabi Salonu<\/td>\n<\/tr>\n<tr class=\"row1\">\n<td class=\"column0 style2 n\">27 Ocak 2018<\/td>\n<td class=\"column1 style5 s\">Bir Makam Bir Bestek\u00e2r (Muhayyer, Fehmi Tokay)<\/td>\n<td class=\"column2 style5 s\">Vedat Kaptan YURDAKUL<\/td>\n<td class=\"column3 style5 s\">Faruk Cenap ERDO\u011eAN<\/td>\n<td class=\"column4 style5 s\">ANKARA \u00dcniversitesi Dil ve Tarih-Co\u011frafya Fak\u00fcltesi Farabi Salonu<\/td>\n<\/tr>\n<tr class=\"row1\">\n<td class=\"column0 style2 n\">14 May\u0131s 2017<\/td>\n<td class=\"column1 style5 s\">Nasibin Mehmed Y\u00fcr\u00fc ve \u015eerif \u0130\u00e7li<\/td>\n<td class=\"column2 style5 s\">Vedat Kaptan YURDAKUL<\/td>\n<td class=\"column3 style5 s\">Faruk Cenap ERDO\u011eAN<\/td>\n<td class=\"column4 style5 s\">ANKARA \u00dcniversitesi Dil ve Tarih-Co\u011frafya Fak\u00fcltesi Farabi Salonu<\/td>\n<\/tr>\n<tr class=\"row1\">\n<td class=\"column0 style2 n\">21 Ocak 2017<\/td>\n<td class=\"column1 style5 s\">Mahmut Cel<span class=\"Apple-style-span\">\u00e2<\/span>leddin Pa\u015fa ve Selanikli Ahmet Efendi<\/td>\n<td class=\"column2 style5 s\">Vedat Kaptan YURDAKUL<\/td>\n<td class=\"column3 style5 s\">Faruk Cenap ERDO\u011eAN<\/td>\n<td class=\"column4 style5 s\">ANKARA \u00dcniversitesi Dil ve Tarih-Co\u011frafya Fak\u00fcltesi Farabi Salonu<\/td>\n<\/tr>\n<tr class=\"row1\">\n<td class=\"column0 style2 n\">15 May\u0131s 2016<\/td>\n<td class=\"column1 style5 s\"><a href=\"http:\/\/enguru.org.tr\/?p=696\">Sadi Beyler Konseri<\/a><\/td>\n<td class=\"column2 style5 s\">Vedat Kaptan YURDAKUL<\/td>\n<td class=\"column3 style5 s\">Faruk Cenap ERDO\u011eAN<\/td>\n<td class=\"column4 style5 s\">ANKARA \u00dcniversitesi Dil ve Tarih-Co\u011frafya Fak\u00fcltesi Farabi Salonu<\/td>\n<\/tr>\n<tr class=\"row1\">\n<td class=\"column0 style2 n\">30 Ocak 2016<\/td>\n<td class=\"column1 style5 s\"><a href=\"http:\/\/enguru.org.tr\/?p=58\" target=\"_blank\" rel=\"noopener\">Zeki Arif Ataergin ve Mustafa Nafiz Irmak \u015eark\u0131lar\u0131 Konseri<\/a><\/td>\n<td class=\"column2 style5 s\">Vedat Kaptan YURDAKUL<\/td>\n<td class=\"column3 style5 s\">Faruk Cenap ERDO\u011eAN<\/td>\n<td class=\"column4 style5 s\">ANKARA \u00dcniversitesi Dil ve Tarih-Co\u011frafya Fak\u00fcltesi Farabi Salonu<\/td>\n<\/tr>\n<tr class=\"row2\">\n<td class=\"column0 style2 n\">16 May\u0131s 2015<\/td>\n<td class=\"column1 style0 s\"><a href=\"http:\/\/enguru.org.tr\/?p=768\">Eskimeyen Eskiler Konseri<\/a><\/td>\n<td class=\"column2 style0 s\">Vedat Kaptan YURDAKUL<\/td>\n<td class=\"column3 style0 s\">Faruk Cenap ERDO\u011eAN<\/td>\n<td class=\"column4 style0 s\">ANKARA \u00dcniversitesi Dil ve Tarih-Co\u011frafya Fak\u00fcltesi Farabi Salonu<\/td>\n<\/tr>\n<tr class=\"row3\">\n<td class=\"column0 style2 n\">10 Ocak 2015<\/td>\n<td class=\"column1 style0 s\">Kad\u0131n Bestekarlar\u0131m\u0131z Konseri<\/td>\n<td class=\"column2 style0 s\">Vedat Kaptan YURDAKUL<\/td>\n<td class=\"column3 style0 s\">Faruk Cenap ERDO\u011eAN<\/td>\n<td class=\"column4 style0 s\">ANKARA \u00dcniversitesi Dil ve Tarih-Co\u011frafya Fak\u00fcltesi Farabi Salonu<\/td>\n<\/tr>\n<tr class=\"row4\">\n<td class=\"column0 style2 n\">10 May\u0131s 2014<\/td>\n<td class=\"column1 style0 s\"><a href=\"http:\/\/enguru.org.tr\/?p=779\">\u0130smail Baha S\u00fcrelsan ve Cinu\u00e7en Tanr\u0131korur Konseri<\/a><\/td>\n<td class=\"column2 style0 s\">Vedat Kaptan YURDAKUL<\/td>\n<td class=\"column3 style0 s\">Faruk Cenap ERDO\u011eAN<\/td>\n<td class=\"column4 style0 s\">ANKARA \u00dcniversitesi Dil ve Tarih-Co\u011frafya Fak\u00fcltesi Farabi Salonu<\/td>\n<\/tr>\n<tr class=\"row5\">\n<td class=\"column0 style2 n\">18 Ocak 2014<\/td>\n<td class=\"column1 style0 s\"><a href=\"http:\/\/enguru.org.tr\/?p=741\">Cemil Beyler \u00d6zel Konseri<\/a><\/td>\n<td class=\"column2 style0 s\">Vedat Kaptan YURDAKUL<\/td>\n<td class=\"column3 style0 s\">Faruk Cenap ERDO\u011eAN<\/td>\n<td class=\"column4 style0 s\">ANKARA \u00dcniversitesi Dil ve Tarih-Co\u011frafya Fak\u00fcltesi Farabi Salonu<\/td>\n<\/tr>\n<tr class=\"row6\">\n<td class=\"column0 style2 n\">4 May\u0131s 2013<\/td>\n<td class=\"column1 style0 s\"><a href=\"http:\/\/enguru.org.tr\/?p=773\">T\u00fcrk M\u00fczi\u011finin Gayrim\u00fcslim Ustalar\u0131-II \u00d6zel Konseri<\/a><\/td>\n<td class=\"column2 style0 s\">Vedat Kaptan YURDAKUL<\/td>\n<td class=\"column3 style0 s\">Faruk Cenap ERDO\u011eAN<\/td>\n<td class=\"column4 style0 s\">ANKARA Hacettepe \u00dcniversitesi K\u00fclt\u00fcr Sitesi M Salonu<\/td>\n<\/tr>\n<tr class=\"row7\">\n<td class=\"column0 style2 n\">26 Ocak 2013<\/td>\n<td class=\"column1 style0 s\"><a href=\"http:\/\/enguru.org.tr\/?p=759\">Hac\u0131 Arif Bey-II \u00d6zel Konseri<\/a><\/td>\n<td class=\"column2 style0 s\">Vedat Kaptan YURDAKUL<\/td>\n<td class=\"column3 style0 s\">Faruk Cenap ERDO\u011eAN<\/td>\n<td class=\"column4 style0 s\">ANKARA Hacettepe \u00dcniversitesi K\u00fclt\u00fcr Sitesi M Salonu<\/td>\n<\/tr>\n<tr class=\"row8\">\n<td class=\"column0 style2 n\">5 May\u0131s 2012<\/td>\n<td class=\"column1 style0 s\"><a href=\"http:\/\/enguru.org.tr\/?p=776\">T\u00fcrk M\u00fczi\u011finin Gayrim\u00fcslim Ustalar\u0131 \u00d6zel Konseri<\/a><\/td>\n<td class=\"column2 style0 s\">Vedat Kaptan YURDAKUL<\/td>\n<td class=\"column3 style0 s\">Faruk Cenap ERDO\u011eAN<\/td>\n<td class=\"column4 style0 s\">ANKARA Hacettepe \u00dcniversitesi K\u00fclt\u00fcr Sitesi M Salonu<\/td>\n<\/tr>\n<tr class=\"row9\">\n<td class=\"column0 style2 n\">4 \u015eubat 2012<\/td>\n<td class=\"column1 style0 s\">Suphi Ziya \u00d6zbekkan ve \u015eemsettin Ziya \u00d6zel Konseri<\/td>\n<td class=\"column2 style0 s\">Vedat Kaptan YURDAKUL<\/td>\n<td class=\"column3 style0 s\">Faruk Cenap ERDO\u011eAN<\/td>\n<td class=\"column4 style0 s\">ANKARA \u00dcniversitesi T\u0131p Fak\u00fcltesi Morfoloji Binas\u0131 Abd\u00fclkadir Noyan Salonu<\/td>\n<\/tr>\n<tr class=\"row10\">\n<td class=\"column0 style2 n\">14 May\u0131s 2011<\/td>\n<td class=\"column1 style0 s\">Emin Ongan \u00d6zel Konseri<\/td>\n<td class=\"column2 style0 s\">Vedat Kaptan YURDAKUL<\/td>\n<td class=\"column3 style0 s\">Faruk Cenap ERDO\u011eAN<\/td>\n<td class=\"column4 style0 s\">ANKARA \u00dcniversitesi T\u0131p Fak\u00fcltesi Morfoloji Binas\u0131 Abd\u00fclkadir Noyan Salonu<\/td>\n<\/tr>\n<tr class=\"row11\">\n<td class=\"column0 style2 n\">29 Ocak 2011<\/td>\n<td class=\"column1 style0 s\">Selahattin P\u0131nar-II \u00d6zel Konseri<\/td>\n<td class=\"column2 style0 s\">Vedat Kaptan YURDAKUL<\/td>\n<td class=\"column3 style0 s\">Faruk Cenap ERDO\u011eAN<\/td>\n<td class=\"column4 style0 s\">ANKARA \u00dcniversitesi T\u0131p Fak\u00fcltesi Morfoloji Binas\u0131 Abd\u00fclkadir Noyan Salonu<\/td>\n<\/tr>\n<tr class=\"row12\">\n<td class=\"column0 style2 n\">1 May\u0131s 2010<\/td>\n<td class=\"column1 style0 s\">Sadettin Kaynak-II \u00d6zel Konseri<\/td>\n<td class=\"column2 style0 s\">Vedat Kaptan YURDAKUL<\/td>\n<td class=\"column3 style0 s\">Faruk Cenap ERDO\u011eAN<\/td>\n<td class=\"column4 style0 s\">ANKARA Hacettepe \u00dcniversitesi K\u00fclt\u00fcr Sitesi M Salonu<\/td>\n<\/tr>\n<tr class=\"row13\">\n<td class=\"column0 style2 n\">6 \u015eubat 2010<\/td>\n<td class=\"column1 style0 s\">Tanburi Ali Efendi \u00d6zel Konseri<\/td>\n<td class=\"column2 style0 s\">Vedat Kaptan YURDAKUL<\/td>\n<td class=\"column3 style0 s\">Faruk Cenap ERDO\u011eAN<\/td>\n<td class=\"column4 style0 s\">ANKARA Hacettepe \u00dcniversitesi K\u00fclt\u00fcr Sitesi M Salonu<\/td>\n<\/tr>\n<tr class=\"row14\">\n<td class=\"column0 style2 n\">9 May\u0131s 2009<\/td>\n<td class=\"column1 style0 s\"><a href=\"http:\/\/enguru.org.tr\/?p=448\">10. Y\u0131l \u00d6zel Konseri<\/a><\/td>\n<td class=\"column2 style0 s\">Vedat Kaptan YURDAKUL<\/td>\n<td class=\"column3 style0 s\">Faruk Cenap ERDO\u011eAN<\/td>\n<td class=\"column4 style0 s\">ANKARA Hacettepe \u00dcniversitesi K\u00fclt\u00fcr Sitesi M Salonu<\/td>\n<\/tr>\n<tr class=\"row15\">\n<td class=\"column0 style2 n\">7 \u015eubat 2009<\/td>\n<td class=\"column1 style0 s\"><a href=\"http:\/\/enguru.org.tr\/?p=498\">Osman Nihat Ak\u0131n \u00d6zel Konseri<\/a><\/td>\n<td class=\"column2 style0 s\">Vedat Kaptan YURDAKUL<\/td>\n<td class=\"column3 style0 s\">Faruk Cenap ERDO\u011eAN<\/td>\n<td class=\"column4 style0 s\">ANKARA Hacettepe \u00dcniversitesi K\u00fclt\u00fcr Sitesi M Salonu<\/td>\n<\/tr>\n<tr class=\"row16\">\n<td class=\"column0 style2 n\">31 May\u0131s 2008<\/td>\n<td class=\"column1 style0 s\"><a href=\"http:\/\/enguru.org.tr\/?p=302\">\u015e\u00fckr\u00fc Tunar \u00d6zel Konseri<\/a><\/td>\n<td class=\"column2 style0 s\">Vedat Kaptan YURDAKUL<\/td>\n<td class=\"column3 style0 s\">Faruk Cenap ERDO\u011eAN<\/td>\n<td class=\"column4 style0 s\">ANKARA Hacettepe \u00dcniversitesi K\u00fclt\u00fcr Sitesi M Salonu<\/td>\n<\/tr>\n<tr class=\"row17\">\n<td class=\"column0 style2 n\">1 Mart 2008<\/td>\n<td class=\"column1 style0 s\"><a href=\"http:\/\/enguru.org.tr\/?p=292\">Rahmi Bey \u00d6zel Konseri<\/a><\/td>\n<td class=\"column2 style0 s\">Vedat Kaptan YURDAKUL<\/td>\n<td class=\"column3 style0 s\">Faruk Cenap ERDO\u011eAN<\/td>\n<td class=\"column4 style0 s\">ANKARA Hacettepe \u00dcniversitesi K\u00fclt\u00fcr Sitesi M Salonu<\/td>\n<\/tr>\n<tr class=\"row18\">\n<td class=\"column0 style2 n\">2 Haziran 2007<\/td>\n<td class=\"column1 style0 s\"><a href=\"http:\/\/enguru.org.tr\/?p=476\">Muzaffer \u0130lkar \u00d6zel Konseri<\/a><\/td>\n<td class=\"column2 style0 s\">Vedat Kaptan YURDAKUL<\/td>\n<td class=\"column3 style0 s\">Faruk Cenap ERDO\u011eAN<\/td>\n<td class=\"column4 style0 s\">ANKARA Hacettepe \u00dcniversitesi K\u00fclt\u00fcr Sitesi M Salonu<\/td>\n<\/tr>\n<tr class=\"row19\">\n<td class=\"column0 style2 n\">24 \u015eubat 2007<\/td>\n<td class=\"column1 style0 s\"><a href=\"http:\/\/enguru.org.tr\/?p=470\">Halid Lem&#8217;i Atl\u0131 \u00d6zel Konseri<\/a><\/td>\n<td class=\"column2 style0 s\">Vedat Kaptan YURDAKUL<\/td>\n<td class=\"column3 style0 s\">Faruk Cenap ERDO\u011eAN<\/td>\n<td class=\"column4 style0 s\">ANKARA Hacettepe \u00dcniversitesi K\u00fclt\u00fcr Sitesi M Salonu<\/td>\n<\/tr>\n<tr class=\"row20\">\n<td class=\"column0 style2 n\">10 Haziran 2006<\/td>\n<td class=\"column1 style0 s\"><a href=\"http:\/\/enguru.org.tr\/?p=485\">Yesari As\u0131m Ersoy \u00d6zel Konseri<\/a><\/td>\n<td class=\"column2 style0 s\">Vedat Kaptan YURDAKUL<\/td>\n<td class=\"column3 style0 s\">Faruk Cenap ERDO\u011eAN<\/td>\n<td class=\"column4 style0 s\">ANKARA Hacettepe \u00dcniversitesi K\u00fclt\u00fcr Sitesi M Salonu<\/td>\n<\/tr>\n<tr class=\"row21\">\n<td class=\"column0 style2 n\">11 Mart 2006<\/td>\n<td class=\"column1 style0 s\"><a href=\"http:\/\/enguru.org.tr\/?p=463\">Rak\u0131m Elkutlu \u00d6zel Konseri<\/a><\/td>\n<td class=\"column2 style0 s\">Vedat Kaptan YURDAKUL<\/td>\n<td class=\"column3 style0 s\">Faruk Cenap ERDO\u011eAN<\/td>\n<td class=\"column4 style0 s\">ANKARA Hacettepe \u00dcniversitesi K\u00fclt\u00fcr Sitesi M Salonu<\/td>\n<\/tr>\n<tr class=\"row22\">\n<td class=\"column0 style2 n\">14 Haziran 2005<\/td>\n<td class=\"column1 style0 s\"><a href=\"http:\/\/enguru.org.tr\/?p=290\">Sel\u00e2hattin \u0130\u00e7li \u00d6zel Konseri<\/a><\/td>\n<td class=\"column2 style0 s\">Vedat Kaptan YURDAKUL<\/td>\n<td class=\"column3 style0 s\">Faruk Cenap ERDO\u011eAN<\/td>\n<td class=\"column4 style0 s\">ANKARA Hacettepe \u00dcniversitesi K\u00fclt\u00fcr Sitesi M Salonu<br \/>\n<span style=\"line-height: 1.3em;\">Derne\u011fimiz taraf\u0131ndan Ankara\u2019ya davet edilen Sn. Sel\u00e2hattin \u0130\u00e7li de konser salonunda haz\u0131r bulunmu\u015ftur.<\/span><\/td>\n<\/tr>\n<tr class=\"row23\">\n<td class=\"column0 style2 n\">11 Mart 2005<\/td>\n<td class=\"column1 style0 s\"><a href=\"http:\/\/enguru.org.tr\/?p=457\">Bimen \u015een \u00d6zel Konseri<\/a><\/td>\n<td class=\"column2 style0 s\">Vedat Kaptan YURDAKUL<\/td>\n<td class=\"column3 style0 s\">Faruk Cenap ERDO\u011eAN<\/td>\n<td class=\"column4 style0 s\">ANKARA Hacettepe \u00dcniversitesi K\u00fclt\u00fcr Sitesi M Salonu<\/td>\n<\/tr>\n<tr class=\"row24\">\n<td class=\"column0 style2 n\">29 May\u0131s 2004<\/td>\n<td class=\"column1 style0 s\"><a href=\"http:\/\/enguru.org.tr\/?p=467\">Avni An\u0131l \u00d6zel Konseri<\/a><\/td>\n<td class=\"column2 style0 s\">Vedat Kaptan YURDAKUL<\/td>\n<td class=\"column3 style0 s\">Faruk Cenap ERDO\u011eAN<\/td>\n<td class=\"column4 style3 s\">ANKARA Hacettepe \u00dcniversitesi K\u00fclt\u00fcr Sitesi M Salonu<br \/>\nDerne\u011fimiz taraf\u0131ndan Ankara\u2019ya davet edilen Sn. Avni An\u0131l da konser salonunda haz\u0131r bulunmu\u015f ve son eserde koroyu y\u00f6netmi\u015ftir.<\/td>\n<\/tr>\n<tr class=\"row25\">\n<td class=\"column0 style2 n\">13 Mart 2004<\/td>\n<td class=\"column1 style0 s\">\u015eevki Bey \u00d6zel Konseri<\/td>\n<td class=\"column2 style0 s\">Vedat Kaptan YURDAKUL<\/td>\n<td class=\"column3 style0 s\">Faruk Cenap ERDO\u011eAN<\/td>\n<td class=\"column4 style0 s\">ANKARA Hacettepe \u00dcniversitesi K\u00fclt\u00fcr Sitesi M Salonu<\/td>\n<\/tr>\n<tr class=\"row26\">\n<td class=\"column0 style2 n\">21 Haziran 2003<\/td>\n<td class=\"column1 style0 s\"><a href=\"http:\/\/enguru.org.tr\/?p=493\">Cevdet \u00c7a\u011fla \u00d6zel Konseri<\/a><\/td>\n<td class=\"column2 style0 s\">Vedat Kaptan YURDAKUL<\/td>\n<td class=\"column3 style0 s\">Faruk Cenap ERDO\u011eAN<\/td>\n<td class=\"column4 style0 s\">ANKARA Hacettepe \u00dcniversitesi K\u00fclt\u00fcr Sitesi M Salonu<\/td>\n<\/tr>\n<tr class=\"row27\">\n<td class=\"column0 style2 n\">11 Ocak 2003<\/td>\n<td class=\"column1 style3 s\"><a href=\"http:\/\/enguru.org.tr\/?p=473\">Al\u00e2eddin Yava\u015fca \u00d6zel Konseri<\/a><\/td>\n<td class=\"column2 style0 s\">Vedat Kaptan YURDAKUL<\/td>\n<td class=\"column3 style0 s\">Faruk Cenap ERDO\u011eAN<\/td>\n<td class=\"column4 style3 s\">ANKARA Hacettepe \u00dcniversitesi K\u00fclt\u00fcr Sitesi M Salonu<br \/>\nDerne\u011fimiz taraf\u0131ndan Ankara\u2019ya davet edilen Sn. Al\u00e2eddin Yava\u015fca da konser salonunda haz\u0131r bulunmu\u015f ve konser sonunda sahne al\u0131p birka\u00e7 eser yorumlam\u0131\u015ft\u0131r.<\/td>\n<\/tr>\n<tr class=\"row28\">\n<td class=\"column0 style2 n\">11 May\u0131s 2002<\/td>\n<td class=\"column1 style0 s\"><a href=\"http:\/\/enguru.org.tr\/?p=460\">M\u00fcnir Nurettin Sel\u00e7uk \u00d6zel Konseri<\/a><\/td>\n<td class=\"column2 style0 s\">Vedat Kaptan YURDAKUL<\/td>\n<td class=\"column3 style0 s\">Sabiha AKDEM\u0130R<\/td>\n<td class=\"column4 style0 s\">ANKARA TEDA\u015e Konferans Salonu<\/td>\n<\/tr>\n<tr class=\"row29\">\n<td class=\"column0 style2 n\">28 Haziran 2001<\/td>\n<td class=\"column1 style0 s\"><a href=\"http:\/\/enguru.org.tr\/?p=455\">Selahattin P\u0131nar \u00d6zel Konseri<\/a><\/td>\n<td class=\"column2 style0 s\">Vedat Kaptan YURDAKUL<\/td>\n<td class=\"column3 style0 s\">Faruk Cenap ERDO\u011eAN<\/td>\n<td class=\"column4 style0 s\">ANKARA Devlet Resim ve Heykel M\u00fczesi (Operet Sahnesi) (Eski T\u00fcrk Oca\u011f\u0131 Binas\u0131)<\/td>\n<\/tr>\n<tr class=\"row30\">\n<td class=\"column0 style2 n\">8 Nisan 2001<\/td>\n<td class=\"column1 style0 s\"><a href=\"http:\/\/enguru.org.tr\/?p=453\">Hamamizade \u0130smail Dede Efendi \u00d6zel Konseri<\/a><\/td>\n<td class=\"column2 style0 s\">Vedat Kaptan YURDAKUL<\/td>\n<td class=\"column3 style0 s\">Faruk Cenap ERDO\u011eAN<\/td>\n<td class=\"column4 style0 s\">ANKARA Devlet Resim ve Heykel M\u00fczesi (Operet Sahnesi) (Eski T\u00fcrk Oca\u011f\u0131 Binas\u0131)<\/td>\n<\/tr>\n<tr class=\"row31\">\n<td class=\"column0 style2 n\">17 Haziran 2000<\/td>\n<td class=\"column1 style0 s\"><a href=\"http:\/\/enguru.org.tr\/?p=451\">Saadettin Kaynak \u00d6zel Konseri<\/a><\/td>\n<td class=\"column2 style0 s\">Vedat Kaptan YURDAKUL<\/td>\n<td class=\"column3 style0 s\">Faruk Cenap ERDO\u011eAN<\/td>\n<td class=\"column4 style0 s\">ANKARA Devlet Resim ve Heykel M\u00fczesi (Operet Sahnesi) (Eski T\u00fcrk Oca\u011f\u0131 Binas\u0131)<\/td>\n<\/tr>\n<tr class=\"row32\">\n<td class=\"column0 style2 n\">11 Mart 2000<\/td>\n<td class=\"column1 style0 s\"><a href=\"http:\/\/enguru.org.tr\/?p=270\">Hac\u0131 Arif Bey \u00d6zel Konseri<\/a><\/td>\n<td class=\"column2 style0 s\">Vedat Kaptan YURDAKUL<\/td>\n<td class=\"column3 style0 s\">Mehpare \u00c7EL\u0130K<\/td>\n<td class=\"column4 style0 s\">ANKARA Devlet Resim ve Heykel M\u00fczesi (Operet Sahnesi) (Eski T\u00fcrk Oca\u011f\u0131 Binas\u0131)<\/td>\n<\/tr>\n<\/tbody>\n<\/table>\n","protected":false},"excerpt":{"rendered":"<p>Tarih Tema \u015eef Sunucu Yer\/Notlar 5 May\u0131s 2019 Bir Makam Bir Bestek\u00e2r-4 (Hicazk\u00e2r, Selahattin Alt\u0131nba\u015f) Vedat Kaptan YURDAKUL Faruk Cenap ERDO\u011eAN ANKARA \u00dcniversitesi Dil ve Tarih-Co\u011frafya Fak\u00fcltesi Farabi Salonu 20 Ocak 2019 Bir Makam Bir Bestek\u00e2r-3 (K\u00fcrdilihicazk\u00e2r, R\u0131fat Beyler) Vedat Kaptan YURDAKUL Faruk Cenap ERDO\u011eAN ANKARA \u00dcniversitesi Dil ve Tarih-Co\u011frafya Fak\u00fcltesi Farabi Salonu 13 May\u0131s [&hellip;]<\/p>\n","protected":false},"author":2,"featured_media":0,"parent":54,"menu_order":0,"comment_status":"closed","ping_status":"closed","template":"","meta":{"footnotes":""},"class_list":["post-530","page","type-page","status-publish","hentry"],"_links":{"self":[{"href":"https:\/\/enguru.org.tr\/index.php\/wp-json\/wp\/v2\/pages\/530","targetHints":{"allow":["GET"]}}],"collection":[{"href":"https:\/\/enguru.org.tr\/index.php\/wp-json\/wp\/v2\/pages"}],"about":[{"href":"https:\/\/enguru.org.tr\/index.php\/wp-json\/wp\/v2\/types\/page"}],"author":[{"embeddable":true,"href":"https:\/\/enguru.org.tr\/index.php\/wp-json\/wp\/v2\/users\/2"}],"replies":[{"embeddable":true,"href":"https:\/\/enguru.org.tr\/index.php\/wp-json\/wp\/v2\/comments?post=530"}],"version-history":[{"count":0,"href":"https:\/\/enguru.org.tr\/index.php\/wp-json\/wp\/v2\/pages\/530\/revisions"}],"up":[{"embeddable":true,"href":"https:\/\/enguru.org.tr\/index.php\/wp-json\/wp\/v2\/pages\/54"}],"wp:attachment":[{"href":"https:\/\/enguru.org.tr\/index.php\/wp-json\/wp\/v2\/media?parent=530"}],"curies":[{"name":"wp","href":"https:\/\/api.w.org\/{rel}","templated":true}]}}