{"id":68,"date":"2016-09-20T22:33:01","date_gmt":"2016-09-20T19:33:01","guid":{"rendered":"http:\/\/localhost\/enguru\/?page_id=68"},"modified":"2024-09-18T11:26:24","modified_gmt":"2024-09-18T08:26:24","slug":"topluluklar","status":"publish","type":"page","link":"https:\/\/enguru.org.tr\/index.php\/topluluklar\/","title":{"rendered":"Topluluklar\u0131m\u0131z"},"content":{"rendered":"<p><a href=\"http:\/\/enguru.org.tr\/?page_id=8\">Terenn\u00fcm Klasik T\u00fcrk M\u00fczi\u011fi Toplulu\u011fu<\/a><\/p>\n<p><a href=\"http:\/\/enguru.org.tr\/?page_id=39\">Yurdun Sesi Halk T\u00fcrk\u00fcleri Toplulu\u011fu<\/a><\/p>\n","protected":false},"excerpt":{"rendered":"<p>Terenn\u00fcm Klasik T\u00fcrk M\u00fczi\u011fi Toplulu\u011fu Yurdun Sesi Halk T\u00fcrk\u00fcleri Toplulu\u011fu<\/p>\n","protected":false},"author":2,"featured_media":0,"parent":0,"menu_order":0,"comment_status":"closed","ping_status":"closed","template":"","meta":{"footnotes":""},"class_list":["post-68","page","type-page","status-publish","hentry"],"_links":{"self":[{"href":"https:\/\/enguru.org.tr\/index.php\/wp-json\/wp\/v2\/pages\/68","targetHints":{"allow":["GET"]}}],"collection":[{"href":"https:\/\/enguru.org.tr\/index.php\/wp-json\/wp\/v2\/pages"}],"about":[{"href":"https:\/\/enguru.org.tr\/index.php\/wp-json\/wp\/v2\/types\/page"}],"author":[{"embeddable":true,"href":"https:\/\/enguru.org.tr\/index.php\/wp-json\/wp\/v2\/users\/2"}],"replies":[{"embeddable":true,"href":"https:\/\/enguru.org.tr\/index.php\/wp-json\/wp\/v2\/comments?post=68"}],"version-history":[{"count":1,"href":"https:\/\/enguru.org.tr\/index.php\/wp-json\/wp\/v2\/pages\/68\/revisions"}],"predecessor-version":[{"id":1431,"href":"https:\/\/enguru.org.tr\/index.php\/wp-json\/wp\/v2\/pages\/68\/revisions\/1431"}],"wp:attachment":[{"href":"https:\/\/enguru.org.tr\/index.php\/wp-json\/wp\/v2\/media?parent=68"}],"curies":[{"name":"wp","href":"https:\/\/api.w.org\/{rel}","templated":true}]}}